inder when (565/(-20))/((-1)/4) is divided by 23.
21
Let r be -3 - -3 - (-266)/2. Let g = -63 + r. Calculate the remainder when g is divided by 12.
10
Let i = 37 - 34. Suppose -5*r + 0*r = -2*n + 20, -2*r - 29 = -5*n. Suppose -5*u - 4*a = -84, -u + i = -n*a - 8. What is the remainder when 63 is divided by u?
15
Let b be (16 - 1)*5/3. Suppose -3*p = -8*p + b, -5*f + 535 = -3*p. Calculate the remainder when f is divided by 14.
12
Let z = -538 - -554. What is the remainder when 49 is divided by z?
1
Suppose 3*z = 326 + 103. What is the remainder when 146 is divided by z?
3
What is the remainder when 3760/35 + 3/(-7) is divided by 24?
11
Let j(q) = q**2 - 8*q - 21. Let o(n) = n**3 + 19*n**2 + 31*n - 16. What is the remainder when o(-17) is divided by j(11)?
11
Let x(v) = -24*v**3 + v**2 - 3*v - 4. Let h be 1*(3 - 3) + -1. What is the remainder when 93 is divided by x(h)?
21
Let g = 575 + -424. Calculate the remainder when g is divided by 38.
37
Let v(j) = -4*j + 4. Let h be v(-5). Suppose -2*s = 2*s - h. Let a(c) = 16*c**2 + 2*c - 3. What is the remainder when a(1) is divided by s?
3
Let f be -2 - -5 - (-4)/2. Suppose 3*c + f*i = 66, 3*i = c + 5*i - 23. What is the remainder when 118 is divided by c?
16
Suppose w = -2 + 11. What is the remainder when -33*(1 - (-3 - -5)) is divided by w?
6
Let t(w) = w**3 - 17*w**2 - 19*w + 18. Let f be t(18). Suppose -2*s - 4*k + 240 = 0, 4*k + 0*k - 8 = f. Calculate the remainder when s is divided by 30.
26
Let x = -1 - -14. Let o = 102 + -38. Calculate the remainder when o is divided by x.
12
Let s(a) = -a**3 - 2*a**2 - 2*a - 20. Let q be s(-4). Calculate the remainder when (-6)/8 - ((-2195)/q + 0) is divided by 8.
5
Let h = 6 - 1. Let l = -231 + 265. What is the remainder when l is divided by h?
4
Let h(x) = x**3 - 31*x**2 + 32*x - 36. What is the remainder when 525 is divided by h(30)?
21
Let w(g) = 13*g - 3. Let j(o) = -o**2 - 10*o - 16. Let t be j(-6). Calculate the remainder when 201/3*t/8 is divided by w(2).
21
Let j(c) = -2*c**2 - 17*c - 4. Let h be j(-8). Suppose h*y + 7 = 5*y. Suppose -3*a + 11 = -y. Calculate the remainder when 22 is divided by a.
4
Suppose -3*u + 5*l = -6*u + 9, 4*l = 3*u - 9. Suppose -u*c + 132 = -168. Calculate the remainder when c is divided by 52.
48
Suppose 956 = -16*b - 484. Let w = b + 103. What is the remainder when 233 is divided by w?
12
Let h(s) = -12*s**2 + 75*s + 7. What is the remainder when 53 is divided by h(6)?
3
Suppose 2*v = 24*n - 20*n + 370, -5*v + 4*n + 913 = 0. Calculate the remainder when v is divided by 61.
59
Let g(n) = n**3 + 2*n**2 + 2*n - 43. Let y be g(0). Let w = -19 - y. Calculate the remainder when (-6)/15 - (-704)/10 is divided by w.
22
Let y be (2/(0 + -2))/(2/(-4)). Suppose 2*a - 3*b = -y*a + 107, 2*a + 5*b - 21 = 0. What is the remainder when a is divided by 15?
8
Let g(r) = -30*r - 88. Calculate the remainder when g(-6) is divided by 46.
0
Let a = 2 - -1. Let m(o) = 2*o**3 - 5*o**2 + 13*o - 16. Calculate the remainder when m(2) is divided by a.
0
What is the remainder when (6 - -2)/(-2) + 12/1 is divided by 8?
0
Let o = -1131 + 1333. Calculate the remainder when o is divided by 78.
46
Suppose -3*l = -2*i - 378 + 114, -3*i + 279 = 3*l. Calculate the remainder when l is divided by 28.
6
Suppose -4*l + 56 = -48. Suppose -5*y + j + 187 = 0, y - 7 = -2*j + l. What is the remainder when y is divided by 4?
1
Suppose 74 = 16*b - 17*b. Calculate the remainder when 79 is divided by (b + 11)*(0 + 3/(-9)).
16
Let y(l) = -l**2 + 24*l + 171. Calculate the remainder when 171 is divided by y(29).
15
Let y = -31 + 53. Calculate the remainder when y is divided by (-13)/((3 + -2)*-1).
9
Let w(t) = t**2 + t - 6. Let o be w(5). Suppose -2*f + 2*x + o = -3*x, -5*f - 4*x + 126 = 0. Calculate the remainder when 43 is divided by f.
21
Let v(x) = x**3 - 15*x**2 - 2*x + 13. Calculate the remainder when v(16) is divided by 236.
1
Suppose -2*g + 4*m = -90, 4*g + 7*m = 9*m + 174. Suppose 0*y - x - 45 = -3*y, -4*y + x = -61. Calculate the remainder when g is divided by y.
11
Suppose m - 19 = -2*z, 0 = 2*m + 5*z - 6 - 36. Let u = -41 + 117. What is the remainder when u is divided by m?
10
Let j be 2*(-6)/4 - (-1 - 18). What is the remainder when 4 is divided by (1 - (-30)/(-12))*j/(-6)?
0
Let n be (-1)/(((-28)/(-60))/(-7)). Suppose n*g - 36 = 11*g. Calculate the remainder when g is divided by 2.
1
Suppose -3*g - 94 = -4*h, h + 8 - 20 = -5*g. Calculate the remainder when 80 is divided by h.
14
Let l(d) = -d**3 + 7*d**2 - 13*d**2 + 2*d + 8 + 2*d. What is the remainder when (2*1)/(1/57) is divided by l(-7)?
27
Suppose 50 = 16*v - 11*v. Calculate the remainder when 17 is divided by v.
7
Let b(x) = 21*x**3 + 2*x**2 - 1. Let t be (4/10)/(28/70). Let v = 35 + -23. Calculate the remainder when b(t) is divided by v.
10
Let v(q) = -q**2 + q + 24. Calculate the remainder when v(0) is divided by (6 + (-3)/1)/((45/(-10))/(-3)).
0
Calculate the remainder when 246 is divided by 930/45*(-9)/(-6).
29
Suppose -73 + 533 = 20*z. Suppose 6*p = 2*p + 60. Let g = 28 - p. Calculate the remainder when z is divided by g.
10
Suppose -10*o + 15*o = 0. Suppose o = 5*l - 17 - 78. What is the remainder when l is divided by 10?
9
Let r be 21 + ((-8)/(-2))/((-12)/(-9)). Suppose 0*i = 4*i - r. Calculate the remainder when 75 is divided by i.
3
Let q(w) = w**3 + 15*w**2 - 58*w - 37. Calculate the remainder when q(-18) is divided by 1/(2/(25 + 1)).
9
What is the remainder when 182 is divided by -3 - 117/((-13)/1)?
2
Let z = -295 + 288. Let k(o) = -8*o**2 - o - 7 - 8*o - 2*o**3 + o**3. Calculate the remainder when 11 is divided by k(z).
4
Suppose -17 + 113 = 12*r. Calculate the remainder when 83 is divided by r.
3
Let o = -698 + 747. Calculate the remainder when 242 is divided by o.
46
Suppose 0 = -t - 4*t + 10. Suppose 4*z + 5*a + 21 = 0, 3*z + t*a + 7 = 7*a. Calculate the remainder when 1/(-4) - 209/z is divided by 18.
16
Let r = -59 + 59. Suppose -11*a - 4*a + 30 = r. Calculate the remainder when 5 is divided by a.
1
Suppose -2*p = -4*u + 94, -36*u = -39*u + 3*p + 63. Calculate the remainder when 124 is divided by u.
20
Suppose 0 = 2*l - 15 - 13. Let h = -57 + 168. What is the remainder when h is divided by l?
13
Let j(c) = -3*c - 21. Let z be 148/(-10) + 4/5. Calculate the remainder when j(z) is divided by 8.
5
Let f = -28 - -28. Suppose -18*z + 15*z + 36 = f. Calculate the remainder when 46 is divided by z.
10
Let w be 1*(1 + -4 + 3). Suppose -5*k + 68 - 23 = w. Let l = 13 - k. Calculate the remainder when 14 is divided by l.
2
Let m = 962 - 323. What is the remainder when m is divided by 40?
39
Suppose -4*i + 4*f + 396 = 0, -119 = -2*i + 4*f + 85. Let t = 107 - i. What is the remainder when 17 - -1 - (-5 - -4) is divided by t?
8
Let j = -546 - -702. Calculate the remainder when j is divided by 75.
6
Suppose 240 = -14*i + 29*i. Calculate the remainder when 164 is divided by i.
4
Let p(q) = -q - 8. Let k = 17 - 27. Let r = -1 + k. Calculate the remainder when 9 is divided by p(r).
0
Let x(z) = 3*z**2 + 15*z + 7*z - z**3 - 23*z + 4. Let p(n) = 2*n**3 - 2*n**2 - 4. Let o(y) = 2*p(y) + 3*x(y). What is the remainder when 56 is divided by o(-5)?
18
Suppose 0 = -5*x - 1 - 24. Let a = x + 18. Calculate the remainder when 103 is divided by a.
12
Let x(s) = -s**2 + 15*s - 5. Suppose -104 = -10*g + 2*g. Calculate the remainder when 53 is divided by x(g).
11
Let b = 64 - 47. Calculate the remainder when 30 is divided by b.
13
Let z(b) = -2*b**3 - 3*b**2 - 4*b - 4. Let r be z(-3). Suppose 2*c - r = c. Suppose -5*a + c = -65. What is the remainder when 59 is divided by a?
19
Let v = -22 + 27. Suppose 5*x + 2*c - 4 = 0, x + v*c = -1 - 12. Suppose 112 = 4*w + 5*j, -x*w + 3*j - 17 = -51. Calculate the remainder when w is divided by 12.
11
Let o = 68 + -36. Suppose 60 = 4*k + o. Let s(a) = -2*a**3 + 3*a**2 + 2*a + 2. Calculate the remainder when s(-2) is divided by k.
5
Suppose 3*y + 88 = -y. Let i = y - -27. What is the remainder when i is divided by 2?
1
Let v = 25 - 34. Let b = v + 6. Calculate the remainder when 68 is divided by (4/12)/(b/(-90)).
8
Let r = 810 + -454. Calculate the remainder when r is divided by 96.
68
Suppose 0 = -5*g + 2*w + 117, -g + 4*w - 42 = -3*g. What is the remainder when g is divided by (-2)/6